 - -2) + 6 + (94 - 98)
0
Calculate (-1 - 4) + (-3 - 9) + 16.
-1
Calculate -2 - (1 - (1 - -1)).
-1
What is the value of 18 + -5 - (5 - 2 - -1)?
9
Evaluate -2 + 1 + -5 + 2.
-4
Evaluate 4 + (-4 - -9 - 2).
7
Calculate 6 + -5 + 0 + (-2 - -3).
2
Evaluate 1 - ((-5 - -10) + -8).
4
What is the value of -8 - -4 - (0 + -1)?
-3
What is 15 + 8 + (-16 - -8) + -8?
7
Evaluate 5 - 0 - (-16 + 28 - 2).
-5
What is the value of -9 + 5 + 6 + -3?
-1
0 + 0 + 8 + (17 - 24)
1
Calculate -2 - (2 + -1 - -2).
-5
-7 - (-17 - (-10 - -2)) - 1
1
What is the value of -2 - (3 + -6 + 4)?
-3
What is -298 - -300 - (5 - 0 - 0)?
-3
What is -16 - -13 - (0 - 0)?
-3
-9 + 4 + -9 + 9
-5
Evaluate -7 - (12 - 6 - 10).
-3
What is the value of (18 - 24) + (1 - -8)?
3
Calculate -3 + 10 + -9 + (5 - 0).
3
Calculate 0 + -2 + (125 - 131).
-8
Calculate 4 - 2 - ((-2 - 0) + 3).
1
Evaluate -6 - (-2 + 5 + -5 - 2).
-2
Evaluate -5 - -3 - (-19 - -28).
-11
What is 13 - ((20 - 12) + -2)?
7
Evaluate -47 + 53 + (1 - 7).
0
-3 + (7 + -1 + -2 - -3)
4
Evaluate (0 - 1 - (-9 + 6)) + -1.
1
Calculate -67 + 80 - (1 - -6).
6
What is (0 + 0 - (-11 + 13)) + 0?
-2
5 + -4 + 3 - -4 - -2
10
What is the value of (1 - 1) + -1 + (-26 - -27)?
0
What is 0 + -4 + (2 - (-4 - -2))?
0
Evaluate 7 + -13 + (8 - 3).
-1
What is the value of (-10 - -7) + (1 - (-1 + -3))?
2
Evaluate (-11 + 3 - -4) + 4.
0
What is the value of -6 - 1 - (9 - 14)?
-2
Evaluate 2 + (5 - 3) - (-3 + 1).
6
Evaluate -1 + 0 - (-2 - 0).
1
What is the value of 2 + (2 - 11) + -2?
-9
What is the value of -10 + 14 + -9 - -7?
2
3 + (-4 + 4 - 5)
-2
Calculate 1 + 6 - (-3 + 9 - 4).
5
Calculate -3 + 12 + -9 + (-2 - -1).
-1
Evaluate -2 + 1 + -2 + 7.
4
(-5 - (-7 - -9)) + 8
1
-1 + 4 + -1 - -1
3
What is -3 + (1 - (7 - (3 + 0)))?
-6
0 + (2 - 7) + 5
0
Evaluate -32 + 34 - (0 + 0 - 0).
2
What is the value of 0 + 4 + 3 + -4?
3
What is 9 - 23 - (-9 - -1)?
-6
3 + (-9 - -4) + 5
3
What is -1 + -3 + -4 + (3 - -3)?
-2
What is (-7 - -4) + 6 + -2?
1
Calculate 5 + 3 + (-10 - -8).
6
-3 + 2 + 2 + 3
4
Calculate -3 + 2 + 1 + 0.
0
(-2 - (-2 - -3)) + 3
0
Evaluate -13 - ((5 - 16) + 7) - -4.
-5
6 + 2 + -9 + (-11 - -15)
3
What is 3 - 4 - (5 - 8)?
2
Evaluate -23 + 24 + (-1 - 5).
-5
Evaluate (-13 - (-17 + 8)) + -2.
-6
Calculate 240 + -250 - (0 - (-1 + 2)).
-9
What is the value of 3 + (8 - 3) + -3?
5
Calculate -9 - (10 + 9 + -20).
-8
What is 4 - (2 - 5) - 3?
4
Evaluate -32 + 37 - (9 - 2).
-2
What is -3 + 5 + -3 + 0 + 0?
-1
Evaluate -4 - ((-1 - 5) + -3).
5
What is -4 + (4 - 4 - 4)?
-8
Evaluate -5 + (17 + -23 - (-1 + -6)).
-4
What is -31 - -17 - -8 - (-1 + 0)?
-5
(-2 + 5 - 1) + (20 - 21)
1
(0 - -3) + -2 + (4 - 14)
-9
1 + -1 + (-6 + 8 - -1)
3
What is the value of -3 + 5 + 2 + (-1 - -3)?
6
What is -9 - (11 - 16) - (1 + -1)?
-4
Calculate 2 - (2 + 5 + -4).
-1
Calculate 7 - (4 - (-3 + 8 + -10)).
-2
What is the value of 12 - (1 + 1) - 6?
4
Evaluate 3 + -7 + -1 + 6 - -6.
7
11 + 0 - (-4 - -12 - 0)
3
Calculate 2 - (0 + 1) - 0.
1
7 + -3 + 0 - (-3 - -2)
5
What is the value of 5 + (1 + 1 - 5)?
2
What is the value of -6 + 24 + -13 + -10?
-5
Calculate (13 - 9) + (-5 - 2).
-3
What is the value of (6 - 3 - 5) + -2?
-4
What is the value of -10 + -8 + 22 + -7?
-3
Calculate 1 + 2 + -4 + 1.
0
Calculate 1 + (5 - 2) + (-5 - 1).
-2
Calculate 4 - -2 - (-2 - (-5 + 1)).
4
(1 - (2 + -5)) + -23 + 21
2
Evaluate (4 - 6) + 1 + 1 + -4.
-4
What is -1 - (1 - -1 - (-10 - -7))?
-6
Evaluate -1 + -6 + 0 + 12 - 5.
0
Calculate 1 - 3 - (19 + -20).
-1
What is 6 + -1 + (-1 - 1) + -1?
2
Evaluate -5 + 7 + -7 - -6.
1
What is -2 + -6 - (-1 - 2)?
-5
Calculate (-5 - (-7 - -4)) + 5.
3
What is the value of 1 + 2 - (4 - 1 - 5)?
5
(-7 - -2) + -4 + 3
-6
What is (3 - 5 - 0) + (-2 - -3)?
-1
What is -8 + 9 + (0 - 0)?
1
-3 + 0 - (-1 - (-2 + 6))
2
(-20 + 8 - 0) + 8
-4
What is (134 - 124) + (-1 + 1 - 6)?
4
-3 + 0 - (-10 + 8)
-1
Calculate -154 + 154 + 2 + 0.
2
(2 - 0) + -4 - -4
2
What is -16 - (-10 - (-10 + 8))?
-8
What is the value of -5 - (-1 - (5 + -4)) - -6?
3
What is the value of -5 - (3 + -7) - -5?
4
What is the value of 2 + (0 - 2 - 1)?
-1
What is 7 - (12 - 13 - (-8 - -1))?
1
-1 + 10 + 0 + -4
5
-1 + -2 - -4 - -4
5
What is (2 - 6) + 26 + -26?
-4
Calculate -5 + 3 + (4 - (1 - -1)).
0
Evaluate -7 + 1 - -1 - (8 + -12).
-1
Calculate 1 + 0 + (-134 - -131).
-2
-1 - 11 - (-15 + 18 - 11)
-4
Evaluate (1 - -4) + (-7 + 10 - 3).
5
Calculate 8 - (5 + -3 + 0 + 3).
3
What is -13 - (1 - 5 - 4)?
-5
What is the value of 11 - 3 - (7 + (9 - 10))?
2
What is the value of 4 + -3 + (0 - 3) - 3?
-5
-4 - -3 - 3 - (-1 - 3)
0
Evaluate -9 - (6 - 3 - 7).
-5
What is -3 - ((4 - 4) + -6)?
3
What is 3 + 12 + -16 - -7?
6
Calculate -4 - (-2 + 3 + -7).
2
What is 4 + -4 + (-4 + 0 - -9)?
5
What is the value of 4 + (5 - 0) + 2?
11
What is the value of (2 - 2) + (1 - 1)?
0
What is (-3 - (3 - (-2 + 6))) + -1?
-3
Evaluate (-3 - -5) + -1 + 3.
4
Evaluate 2 + (4 - 0) + -10 + 6.
2
3 + (-13 - 3) + 13
0
Calculate 6 + -2 + 5 - 10.
-1
What is the value of (-4 + 10 - 9) + 0 + 1?
-2
What is the value of (-4 - (-9 + 1 + 4)) + -3?
-3
3 - (9 - 8 - -2)
0
Calculate -5 + (9 - 3) - 8.
-7
Evaluate 1 - (-1 + -4) - 3 - 5.
-2
What is the value of 5 + 1 - (-13 + 16)?
3
What is -2 - -4 - (1 + -2 + 0)?
3
Evaluate -6 - -13 - 3 - (2 + 0).
2
-3 - -7 - 5 - -5
4
What is the value of (-5 + -7 - 5) + 11?
-6
What is the value of -2 + 0 + 0 + (10 - 6)?
2
What is 1 - (3 - (-2 + 1 - -3))?
0
What is the value of (3 - 1) + (3 - -5 - 6)?
4
What is the value of (-8 - -8) + -1 + -1 + 1?
-1
(1 - 8 - 4) + (-13 - -16)
-8
Evaluate -9 + (-7 - -9) + 7.
0
Evaluate (4 - 1) + 3 - 2.
4
What is 1 + (-2 - (-3 + -2) - 0)?
4
Evaluate 4 + (0 - 0) - 8.
-4
104 + -101 + (-1 - 5)
-3
What is the value of -5 + (1 - 4 - -3 - -5)?
0
Calculate 2 - (-5 + -2 + 1 + 5).
3
-1 - (3 - 4) - 2 - -4
2
What is the value of -1 + 7 + -217 + 208?
-3
What is -51 + 56 - (2 - -1)?
2
Calculate -11 - (-2 - (3 - -4)).
-2
What is the value of 6 + (5 - (15 - 2)) - -5?
3
Calculate 1 - (-3 - (-2 + -1 + 2)).
3
What is the value of 2 - 0 - (24 - (8 + 16))?
2
What is 1 + -4 - (-5 - -4)?
-2
Evaluate -14 + -5 + 8 - -10.
-1
What is the value of -1 - (8 + -1 + -6)?
-2
Calculate (-7 + 16 - 8) + 3.
4
What is the value of -18 + (-3 - -10) - -7?
-4
3 - (8 + -9 + 13)
-9
What is 2 + -5 + (5 - (18 - 6))?
-10
What is the value of -3 - ((1 - 5 - -1) + 5)?
-5
(2 - -4) + -3 - (29 + -30)
4
Evaluate 0 - (-8 - (-3 + -7)) - -4.
2
What is the value of 5 - 2 - (-24 + 27)?
0
Calculate -3 - (-2 + 6 - (9 - 0)).
2
What is the value of -2 - (4 - (4 + (-1 - -5)))?
2
What is (-4 + -4 - -4) + -1?
-5
What is 23 + (-8 - 10) + (-5 - 0)?
0
What is the value of 9 - 13 - (-1 + -8)?
5
What is the value of (9 - -4) + -3 - 4?
6
13 - (-1 + 1 + 5)
8
Calculate 1 + -6 + -21 + 10 + 13.
-3
Calculate -3 + (1 - 1) + 1.
-2
What is the value of 1 - (2 - (3 - (5 - 10)))?
7
Calculate (61 - 59) + 0 + -2.
0
Calculate 0 + 3 + -3 - 1 - 1.
-2
Evaluate 1 + -7 - (-9 - (9 + -17)).
-5
6 + 1 + 111 + -126
-8
-12 + (4 + 1 - (3 + -1))
-9
Calculate (9 - 10) + 3 + 1.
3
What is the value of 2 + -5 - (4 + -8)?
1
What is -9 + 2 + -4 + 6?
-5
Evaluate 5 + -2 + -3 + 4.
4
Calculate (-5 + 13 - 4 - -3) + -2.
5
Evaluate -8 + 6 + 1 - 0.
-1
What is 7 - ((4 - (6 - -2)) + 8)?
3
Calculate -3 + -1 + (7 - (2 - -3)).
-2
(4 - 7) + 8 - (-3 + 3)
5
Calculate (-2 - -5) + 6 + -3.
6
What is 7 + -4 + 1 + (1 - 1)?
4
0 - (3 + -3 + (0 - 0))
0
Evaluate -4 - (5 - (-1 - -6)).
-4
Calculate 7 + -2 - (0 - (-6 - -1)).
0
Evaluate 4 + -2 - 4 - 2.
-4
-3 + (4 - 8) + -2 - -4
-5
-8 - (-2 - (10 - 5 - 2))
-3
Evaluate -1 + 6 - (3 - -1).
1
Evaluate (305 - 303) + 1 + -2 + -5.
-4
Calculate 2 + (-3 - -8) + -3 + 1.
5
What is the value of -3 + 4 - 2 - -4 - -1?
4
(-4 - (1 - 5 - 4)) + -1
3
What is 1 - (2 + 1 - 5) - 8?
-5
What is -1 - 7 - (1 + -3 - 2)?
-4
0 + (-5 - (-1 + -3))
-1
What is -18 + (11 - -2) + -3?
-8
6 + -2 + -5 + (0 - -3)
2
What is -26 + 15 + -3 + 9?
-5
Evaluate (1 - -3) + 0 + -5 + -2.
-3
Evaluate -2 + 10 + 4 + -8.
4
-1 - -3 - 4 - (4 - 2)
-4
What is -3 + (-10 - -5) + 6?
-2
Evaluate 4 + (20 - 23) - (-1 - 4).
6
Evaluate 5 - (3 - (-3 + 2)).
1
What is 6 + (-3 - 3) + (-1 - -7)?
6
What is 74 + -78 - (-1 + 3 - 12)?
6
What is 0 + 7 + -6 - (-4 + 1)?
4
Calculate 2 + -3 + 1 + -1.
-1
What is 2 + 6 + 4 + -7?
5
What is the value of -1 + -6 + 2 - (0 - 3)?
-2
Calculate -6 + (1 - (5 + -6)).
-4
Calculate -2 + -3 +